306*w**2. What is b(y)?
5
Let w(r) = r + 1. Let g be 5/(-20) - 23/4. Determine w(g).
-5
Let b(i) be the second derivative of 7*i**3/6 - 3*i**2/2 + 2*i. Give b(2).
11
Let x = 1 - -33. Suppose 4*h - 5*a = 5, 0 = 4*h + h + 3*a - x. Let t(l) = 2*l - 7. Calculate t(h).
3
Let c(i) = 4 - 1 + 4 - 2*i. Let z be (-33)/(-7) + (24/21)/4. Determine c(z).
-3
Let k(g) = g**2 + 7*g + 9. Let b be k(-6). Let n(j) = j**2. Let v(f) = -7*f**2 + 5*f + 3. Let l(o) = 6*n(o) + v(o). Calculate l(b).
9
Let r(n) = n**3 + n**2 - 4*n - 1. Suppose 3*s - 19 = -0*u - 4*u, 0 = 4*s - u. Let g = s - -1. Suppose -6 = -g*f + 4*f. Give r(f).
-7
Let b(w) = 2*w**3 - 25*w**2 + 23. Let y(s) = s**3 - 12*s**2 + 11. Let m(h) = -6*b(h) + 13*y(h). Give m(6).
5
Let v(s) = 2*s**2 - s - 1. Let d(q) = 4*q + 3 + 2 - 3*q - 3. Let g be d(-6). Let p = 2 + g. Calculate v(p).
9
Let o(d) = -d**2 - d - 1. Let n(t) = 4*t**2 - 3*t - 3. Let m(r) = n(r) + 5*o(r). Let c = 30 - 36. Calculate m(c).
4
Let s(b) = 2*b - 9. Let c be s(1). Let x(h) = h**3 + 7*h**2 - h - 2. Determine x(c).
5
Suppose -3*j - 11 + 2 = 0. Let d = j - 1. Let t(m) = m**2 + 5*m + 2. Determine t(d).
-2
Let k(o) = -2*o + 2. Let y(n) = n + 0*n - 1 + n. Let a be y(2). Determine k(a).
-4
Let f = 428 + -433. Let a(q) = 2*q - 2. Let p(j) = -j. Let h(g) = a(g) + 3*p(g). Calculate h(f).
3
Let z = -20 - -28. Let q(m) = 2*m - 12. Calculate q(z).
4
Suppose -2*d - 7 = -w - 0*w, 3 = -w. Let a(j) = j - 2. Give a(d).
-7
Let a(u) = 2*u + 7. Let s = 3 - -6. Suppose -2*g - g = -3*o, 3*o = -2*g + 20. Let t = g - s. Give a(t).
-3
Let l(u) = -3*u**3 + 20*u**2 - 11*u - 4. Let b(j) = -4*j**3 + 13*j**2 - 8*j**3 + 10*j**3 - 3 - 7*j. Let y(m) = -8*b(m) + 5*l(m). Calculate y(3).
-2
Suppose 5*i - 36 = -6. Let m be i/(-5) + 2/10. Let w(y) = -5*y. Calculate w(m).
5
Let n(b) be the second derivative of 3*b + 0 + 0*b**2 + 1/3*b**3. What is n(-2)?
-4
Let o(b) be the first derivative of -b**2 - 3. What is o(3)?
-6
Let c(i) = -i. Let h(m) = 2*m**2 + 3*m + 2. Let r(t) = -t**3 + 2*t**2 - t + 4*t**3 - 6*t**3. Let g be r(1). Let l be h(g). Calculate c(l).
-4
Let n(t) = t - 4. Let h(d) = -d**3 + 15*d**2 - 14*d - 12. Let w be h(14). Let r = -6 - w. What is n(r)?
2
Let j(h) = h**3 + 3*h**2 + 1. Suppose 0 = -2*a - 56 + 50. Determine j(a).
1
Let y(d) = 2*d - 15 - 19 - 17 + 50. What is y(1)?
1
Let n(b) = -b - 1. Let q(t) = -t + 5*t + 2*t. Let r(m) = 5*n(m) + q(m). Calculate r(0).
-5
Let y(n) = n**2 + 2*n + 1. Suppose 0 = -4*z + 95 - 27. Suppose 3*l = -4*s + 2*l + z, 4*s - 5*l - 11 = 0. Suppose -20 = s*o - 8. What is y(o)?
4
Suppose -3*d - 2*b + 10 = -15, -2*d + 14 = 4*b. Suppose d - 21 = -4*v. Let q(t) = -v*t + 7 + 0*t + t. Give q(6).
-5
Let z(y) = -4 - 4*y**2 + y**2 - y**3 + y + 3. Determine z(-2).
-7
Suppose 3*j - 2 - 35 = -5*s, -31 = -4*j - 3*s. Let m(q) = 3*q - 4*q + 3*q**2 + 6 - j*q**2. Suppose 0 = 13*t - 8*t. What is m(t)?
6
Let s(j) = 4*j**2 + 2*j - 1. Suppose 4*w = -6 - 2. Determine s(w).
11
Let q(j) = -5*j**2 - 5*j - 4. Let o(i) = -4*i**2 - 5*i - 4. Let c(d) = -6*o(d) + 5*q(d). Let g be c(5). Let p(h) = -h + 116 - 116. Determine p(g).
-4
Let o(i) = i**2 + i. Let p(h) = 2*h**2 + h. Suppose 4*t = -2 - 14, -2*w + 4*t + 24 = 0. Let q(k) = w*o(k) - 5*p(k). Let j = -3 - -2. What is q(j)?
-5
Let q(j) = 5*j**2 + 4*j - 5. Let p(c) = 14*c**2 + 12*c - 14. Let d(g) = 6*p(g) - 17*q(g). Suppose -5*l - 4*v = -5, 0*v = -l - v. What is d(l)?
-4
Let x(j) = 4*j + 10 + j**2 - j**3 - 6 - 5. What is x(3)?
-7
Let o(z) = 1 + 7 - 8*z - 2 + 5*z. Determine o(5).
-9
Let d be 3/(6/10) + -3. Suppose -4*y - 2 = d. Let p(n) = -n**3 + n**2. Determine p(y).
2
Let a(g) = -g**2 - g + 6. Let n be (-1 - (-1 - 0))/(-2). Let y be (0 - n)*(-4 + 3). Give a(y).
6
Suppose -3*h - 12 = -0*h. Let x(p) be the first derivative of p**2/2 + 2*p + 7. Calculate x(h).
-2
Let n(u) = u**3 + 6*u - 6 - 7*u + 5*u**2 - 5*u. Determine n(-6).
-6
Suppose 0 = 4*f + 4 - 0. Let y = 3 - 0. Let t(b) = -2*b + b + 0*b**y - b**2 + 2*b**3. Give t(f).
-2
Let q be -2 - 6/(-9) - 80/(-15). Let p(z) = -z**3 + 5*z**2 - 2*z. What is p(q)?
8
Let c(b) be the third derivative of b**6/120 - b**5/15 + b**4/8 - b**3/6 + b**2. Let d be (4/(-6))/((-2)/9). Suppose 0 = 4*q - d*q - 3. Determine c(q).
-1
Let j(x) = -3*x - 4. Let o = 210 - 204. Give j(o).
-22
Let a(o) = -13*o**3 - 29*o**2 + 20*o + 29. Let q(y) = 3*y**3 + 7*y**2 - 5*y - 7. Let r(g) = -2*a(g) - 9*q(g). What is r(-6)?
11
Let b(c) = -2*c**2 + 2*c. Let k(m) = -5*m**2 + 3*m - 1. Let u(a) = 7*b(a) - 3*k(a). Calculate u(-5).
3
Let i(b) = b - 3. Let g be i(-3). Let z be 5/15 - (-2)/g. Let p(l) = -l**2 + l - 4. Determine p(z).
-4
Let x = 13 + -6. Suppose -2*o - 3*n + x = 0, 2*o + 1 = n + 4. Suppose -o*h = -7 + 1. Let c(t) = -t + 3. What is c(h)?
0
Let a(v) = v**2 - 7*v - 2. Let o be a(8). Suppose 0 = 2*q - o*q + 16. Suppose -3*k - 2*r = -q*r + 9, 3*r - 7 = -2*k. Let u(w) = -4*w**2 + 1. What is u(k)?
-3
Let m = 3 - 1. Let h be (-2)/(-2) + (-1)/(-1). Let j(r) = 1 - r - h + 2*r**2 - r. Give j(m).
3
Let k = -11 + 13. Suppose 2*w - 3 = 3*m + 13, 3*w = k*m + 19. Let v(h) = 2*h**2 + 2*h. Calculate v(m).
4
Let c = -12 - -15. Let a(s) = -4*s**2 + 1 + 3*s**2 + 2*s + 1. What is a(c)?
-1
Let r(y) = 15*y - 25. Let w(o) = 8*o - 13. Let m(v) = 6*r(v) - 11*w(v). Calculate m(7).
7
Let n(r) = 2*r + 7. Suppose -3*u - 37 - 17 = 0. Let g = -13 - u. Suppose -21 = 3*c + 2*w, 5*c - 5*w - g = 3*c. What is n(c)?
-3
Suppose -6*m + 5 = -19. Let n(p) = -p**2 + 2*p + 3. Give n(m).
-5
Let i(w) = w - 5. Let j = -30 - -34. Calculate i(j).
-1
Suppose 16 = 5*a - 3*u, -4*a + 5*u + 8 = -10. Suppose -4 = -4*w + 16. Let b(y) = -2*y**2 + 2*y - 2*y - 3*y - 1 + w*y. Give b(a).
-5
Let p(a) be the third derivative of -a**5/60 - a**4/12 + 14*a**2. Calculate p(2).
-8
Let z(s) be the third derivative of -3/2*s**3 + 0 + 2*s**2 - 1/24*s**4 + 0*s. Calculate z(-6).
-3
Let z(i) = -4 + 2*i**3 - 7*i - i**3 - 9*i**2 + 4*i**2. Suppose -3 = 2*d + d, 26 = 5*n + 4*d. Give z(n).
-10
Let x be 0/1*(-1)/(-1). Let b(t) = t**2 - 4*t - 5. Let j(o) = -o**2 + 5*o + 6. Let d(l) = -6*b(l) - 5*j(l). Calculate d(x).
0
Let r(t) = -2*t**2 + 9*t + 8. Let f(c) = 2*c**2 - 8*c - 7. Let y(b) = 4*f(b) + 3*r(b). What is y(4)?
8
Let q = 2 - -2. Suppose -3*d + 0 = j - 13, 2*d = -q*j + 22. Let a(k) = -k + 1. What is a(j)?
-3
Let w = -88 + 94. Let s(z) = z + 1. Calculate s(w).
7
Let z(q) be the second derivative of q**5/5 + q**4/12 + q**3/6 - q**2/2 + 8*q. Calculate z(1).
5
Suppose 0 = -3*c + 4*c + 1. Let h be 2 + -4*c/(-2). Let s(u) = u**2 - 5. Calculate s(h).
-5
Let t be ((-8)/(-4))/((-1)/(-10)). Suppose -l + 5*c - t = 4*l, 2*c - 18 = 4*l. Let m(x) = -x - 4. Give m(l).
1
Suppose 6 = -4*h + 3*h. Let n(m) = m**2 + 4*m - 5. Calculate n(h).
7
Suppose -5*p + 17 = -13. Let v(g) = -14*g + 6*g + 3 + p + g**2 - 3. Calculate v(6).
-6
Let a(v) = v**3 - 9*v**2 - 9*v - 12. Let b be -20*((-5)/(-2))/(-5). Give a(b).
-2
Suppose -4 + 0 = -m. Let c(h) = h**3 - 4*h**2 + 2*h. What is c(m)?
8
Let z(w) be the first derivative of -w**3/3 - w**2 + 2*w + 1. Let s(v) = -v**2 - 9*v - 9. Let h be s(-7). Suppose 0 = -3*i + 3*a, a - h = -4*i + 5. Give z(i).
-6
Let b(g) be the first derivative of 2 + 2*g**2 + 4*g - 1/2*g**3 - 1/12*g**4. Let u(f) be the first derivative of b(f). Determine u(-3).
4
Let f be 3/(-1) - 1 - -1. Let r(l) = -4 + 7*l - 4*l - l**2 + 0*l**3 - l**3. Determine r(f).
5
Suppose -p = -5*v + 4*v + 2, 4*v + 19 = -5*p. Let a(w) = w**3 + 5*w**2 + 3*w + 1. What is a(p)?
10
Let m(l) = -l**2 - 11*l - 11*l - 1 + 19*l. Calculate m(-3).
-1
Let y(v) = 10*v - 28. Let s(r) = -3*r + 9. Let w(p) = 7*s(p) + 2*y(p). What is w(9)?
-2
Let m(d) = -7*d**3 - d**2 - 4*d + 5. Let a(g) = 7*g**3 + g**2 + 3*g - 4. Let r(b) = -4*a(b) - 3*m(b). Give r(1).
-7
Let q(z) = -6*z + 3*z + 2*z - 4. Calculate q(-5).
1
Let i(p) = p**2 + 6*p + 9. Let j(a) = a**2 + 6*a + 10. Let t(k) = -6*i(k) + 5*j(k). Suppose 4*u + 34 = 2*b, 0 = 5*u + b + 8 + 17. Give t(u).
-4
Let d(l) be the third derivative of -7*l**6/120 + l**4/12 - l**3/6 - l**2. Let u be (-3)/6*(0 - 0). Suppose 0 = -m - u*m + 1. Calculate d(m).
-6
Let c = -12 - -9. Let d(s) be the first derivative of s**4/12 + 2*s**3/3 + s**2/2 - s + 2. Let i(h) be the first derivative of d(h). Calculate i(c).
-2
Suppose -5*k = 2*t + t - 22, t + 4*k - 12 = 0. Suppose d - 4 = -d. Let x(c) = 4*c - 9